 - (-17 + 10)?
-6
What is 5 - (-4 + 2 + 3)?
4
(5 + 1 - (26 - 26)) + -2
4
0 + -6 + -2 + 15
7
1 - (1 - (0 - -1))
1
What is the value of 11 + (-14 - -1) + 3?
1
(66 - 68) + (-1 + 1 - -9)
7
What is (1 - (0 + 2)) + -6?
-7
What is 4 + (-4 + (6 - 7) - 9)?
-10
What is -2 - -1 - (-13 + 9)?
3
Evaluate (2 - 4) + -8 + 4 + 2.
-4
What is the value of 1 + (-9 - 3) + 6?
-5
Evaluate 5 - (-8 - (-9 + 2)).
6
0 + 2 + (-2 - -1)
1
Evaluate -7 + 12 + -8 + 3.
0
What is -19 - -28 - (1 - -3)?
5
What is the value of 6 - (-1 + 3 + -2 + 2)?
4
What is 6 - (-2 - ((11 - 6) + -11))?
2
What is the value of (-3 - -4) + 2 - 8?
-5
-4 - 0 - (-17 + (0 - -12))
1
Evaluate -2 + (2 - (-3 + 3) - 2).
-2
What is the value of 0 + 5 - (3 + 3)?
-1
-9 - (-9 + 7) - -6
-1
Evaluate 4 - 0 - (-9 - (-13 - 0)).
0
Evaluate (4 + 3 + -3 - 7) + 0.
-3
Calculate 5 + 3 - ((3 - 3) + 5).
3
Evaluate (1 - 3 - -1) + -4 + 0.
-5
Calculate (16 - 8) + -4 - 10.
-6
Calculate 59 + -61 + 0 + -1 + 1.
-2
What is the value of 87 + -87 - (-5 - 0)?
5
(0 + 2 - (28 - 25)) + 6
5
Calculate (2 + -6 - -6) + 0.
2
What is the value of -2 + (0 - (0 + -5)) + -2?
1
6 + (-3 - (3 - 5))
5
Evaluate 5 - (-3 + (1 - (0 + -3))).
4
What is the value of (8 + 2 - 2) + 35 + -40?
3
Calculate 0 - 6 - (-23 - (-19 + 9)).
7
Evaluate (0 - -6) + (-11 - -4 - -6).
5
-3 - ((1 - 4) + (0 - -3))
-3
Evaluate 3 + -1 - (-7 + 4).
5
What is -3 + (-4 + 10 - 4)?
-1
Evaluate 10 - (-9 + -2 - -16).
5
3 + (-6 - 3) - -4
-2
0 - (0 - -1) - (3 - -1)
-5
Calculate -4 - (2 + (-3 - (1 - 3))).
-5
Calculate (1 - (4 + 0)) + 7.
4
Calculate 18 + -4 + -16 - (-4 + -1).
3
What is the value of (-4 - -1) + -2 + 3 + -3?
-5
Calculate -3 - (-2 + 2 - (1 - 3)).
-5
What is -4 + 0 + 12 - 12?
-4
Evaluate 0 + (18 - 7) - 13.
-2
2 - ((13 - 6) + -10)
5
Evaluate -9 - (-11 - -5) - -10.
7
Calculate 8 + -9 + -4 + 3.
-2
Evaluate (5 - 0 - (4 + -7)) + -3.
5
Calculate (4 - (-4 + 15)) + 12.
5
Calculate 6 - (7 + (-4 - -1) - 0).
2
(2 - 2) + 2 + -8 + 6
0
Calculate (-5 - -1) + (-3 - -5) + -1.
-3
What is the value of 4 - (3 + -10 + 13)?
-2
What is the value of -7 + -1 - (-6 - -4) - -4?
-2
0 + -1 + 2 - (-30 + 29)
2
Evaluate -4 - (-9 - -4) - 0.
1
What is (-16 - -15) + (1 - (-2 - -5))?
-3
What is 4 - (-3 - (-12 + (-5 - -8)))?
-2
Calculate (14 - 4) + -23 + 7.
-6
What is the value of (-26 - -26) + (6 - 0)?
6
What is the value of 4 + -2 + -1 + -5?
-4
What is the value of (5 - 0 - 7) + -5?
-7
-3 + 4 + 6 + (3 - 7)
3
What is the value of (18 - 15) + 3 + -1?
5
Calculate (-2 - (-2 - 3)) + -8.
-5
2 - (9 - 3 - -1)
-5
Calculate 1 - (3 - 5) - (1 - -3).
-1
What is -11 + 8 + -3 - (-7 - -3)?
-2
What is 5 + -2 + -5 - (-1 + -1)?
0
Evaluate (0 - -3) + (6 - 7).
2
What is -11 - (-8 + (10 - 6))?
-7
What is -11 - -10 - (7 - 12)?
4
Evaluate (2 - 6) + 4 - 3.
-3
1 + -1 - (6 + -7 + 1)
0
0 - 1 - 1 - (153 - 150)
-5
Evaluate (18 - 13 - -15) + -12.
8
What is the value of (1 - 2) + -14 + 8 + 2?
-5
What is (1 + -6 + 1 - -3) + 0?
-1
-12 + 1 + -1 + 17 + -10
-5
Evaluate -4 + (1 - (4 + -2) - -6).
1
What is (-12 - -13) + (0 - 1) - 2?
-2
-2 + 10 - 6 - 0
2
What is the value of 13 - (2 - (14 + -20))?
5
Evaluate 3 - (-1 - -1 - -2 - -1).
0
Evaluate (3 - 5) + -4 + 1 + -1.
-6
-5 - (-8 + -9 - -7)
5
What is 3 - (-2 + 7) - (-7 - -9)?
-4
What is 1 + -4 - (-3 + -3 + 4)?
-1
What is the value of -5 + (8 + -6 - -1)?
-2
-31 - -25 - (4 + 0)
-10
-12 + 9 + -3 + -3
-9
What is 1 - (4 - (-6 + 0 - -15))?
6
What is the value of -3 + (2 - (-2 + -1 + 1))?
1
What is the value of (-2 - -1) + (-18 - -27)?
8
What is (-5 + -2 - -5) + -1?
-3
What is the value of 10 + -16 - (-9 + 2) - -3?
4
Evaluate 61 + -65 - (-1 + -2).
-1
What is the value of -57 + 51 - (0 + 0)?
-6
Evaluate (-3 - (-1 - 1)) + (-7 - -6).
-2
What is -1 + (1 - 0) + (-3 - -6)?
3
(-2 - 2) + 9 + (-1 - 1)
3
-14 + 16 + 2 + 1
5
What is the value of -21 - -20 - (-2 + 2)?
-1
What is the value of (-34 - -34) + (-1 - -1)?
0
Calculate -6 - (2 + -4) - -5.
1
What is the value of (-3 - 2) + 5 + -2 + -1?
-3
Evaluate (0 - -2) + -6 + 3 + 4.
3
Evaluate 0 + -2 + 0 + -2.
-4
What is -1 + (-2 - (1 - (-5 + 5)))?
-4
What is the value of (-2 - 0) + 0 + 4?
2
Calculate (-4 - -2) + -2 + (2 - 2).
-4
What is 7 + (-1 - 1) + -4?
1
What is the value of (0 - -1) + -4 - (-23 - -25)?
-5
Calculate 0 - (-1 + -2 - -2).
1
What is the value of -8 + 1 + 6 - 1 - -1?
-1
What is (3 - 6) + 2 + -2 - -3?
0
What is the value of -3 - ((-4 - 0) + 12) - -7?
-4
What is the value of 11 + 0 + 6 + -23?
-6
Calculate -7 - (-3 - 6) - (6 - 1).
-3
What is the value of (0 - 2) + (1 + 0 - 0)?
-1
Evaluate 5 + 1 + (13 - 19).
0
(-9 - -9) + 13 + -10
3
Evaluate (-1 - -4) + -1 - (-11 - -10).
3
Calculate -1 + 0 - (-8 - -3).
4
What is (5 - 0) + 5 + -5?
5
Calculate 13 + -20 + -6 - (-6 - 1).
-6
Calculate 8 + (11 - 29) - (0 - 3).
-7
What is 12 - (14 + -3 + 0)?
1
Evaluate 0 - 0 - (-1 + 5) - -6.
2
Calculate -1 + -6 + 3 + 5 + 4.
5
Evaluate (-1 - -4) + (8 - 6) + -7.
-2
What is (8 + -14 - -11) + (0 - 5)?
0
What is the value of 5 - (3 + -7 - (-2 + -3))?
4
Calculate (0 - (-1 - -12)) + 4 + 4.
-3
Evaluate (1 + 9 - (26 + -22)) + -6.
0
What is (3 - 6) + 10 - -4?
11
43 + -47 + (3 - 1)
-2
Calculate 4 - (0 + 6 - (-8 - -5)).
-5
(0 - 4) + 4 + -2 + 5
3
What is 10 + -7 - (3 - (0 - 0))?
0
Evaluate -9 + (-9 - -16) - 0.
-2
What is the value of 1 + (16 - ((-3 - 5) + 16))?
9
Calculate (-10 - (10 + -17)) + 14.
11
What is the value of 14 - 14 - (-5 + -5)?
10
What is the value of (8 - 10) + 1 + -2 - 1?
-4
Evaluate 8 + 4 + -10 + -8 + -3.
-9
What is (-4 - (-4 - 5)) + -6?
-1
2 + (1 - (0 - (3 + -10)))
-4
What is 6 - (-50 - -44 - (0 - 14))?
-2
Calculate (9 - 4) + -3 + -1 + 3.
4
Calculate -17 - ((-18 - 1) + 11).
-9
Calculate -4 + -1 - (0 + (0 - 0)).
-5
Calculate (5 - (16 - (3 + -1))) + 5.
-4
What is 1 + -7 + (0 - -4)?
-2
What is the value of 0 - 6 - (-1 + (-2 - -2))?
-5
Calculate -2 - (-4 + 6) - (-8 - -2).
2
What is the value of -4 + -12 + 6 - -7?
-3
What is -1 - (-2 - (4 + -6))?
-1
What is the value of -1 + 2 + -2 + (9 - 8)?
0
What is the value of -7 + 3 + 11 - 0?
7
What is (3 - (-3 - -3)) + (5 - 11)?
-3
5 - -1 - (-51 + 57)
0
What is (1 + -4 - -3) + -4?
-4
What is 0 + -2 - 1 - (2 - 6)?
1
What is the value of 3 + -1 + -3 + 2 + -4?
-3
(10 - 12) + (0 - -8) + -5
1
16 - 5 - (-2 - -8)
5
What is the value of 4 - (1 - ((7 - 2) + -8))?
0
What is the value of 2 + 2 + 5 + (2 - 6)?
5
Calculate (9 - 2) + -21 + 8.
-6
Evaluate -4 + -1 - (4 + -13 - 4).
8
-11 - -12 - ((5 - 4) + -4)
4
(-17 - -21) + 2 + -2
4
Evaluate -8 - -4 - (1 - 6).
1
Evaluate -2 - 0 - 2 - -4.
0
Calculate -3 + 0 - (10 + -20 - -3).
4
What is -6 + 4 + 0 - (-3 + -1)?
2
What is the value of 1 - (0 - (0 + -3 + 0))?
-2
(-5 - (5 - 12 - 0)) + -11
-9
Calculate (2 - 4) + -20 + 20.
-2
What is the value of (-14 - -33) + -1 + -4 + -7?
7
Evaluate -1 - (-1 - (-2 + 5)).
3
Calculate -4 + 4 + (2 - (1 + -1)).
2
What is the value of -4 + 5 + 2 + 2 + -2?
3
What is the value of 3 + -4 + 5 - -1?
5
-1 + 2 - (2 + -3) - 7
-5
What is (5 - 12) + (8 - 2)?
-1
(-1 - -4) + (2 - 9)
-4
Calculate 2 - (-5 + (1 - -2)).
4
Evaluate 11 + (1 - 2) + -1 + -4.
5
Evaluate (6 - 5 - 8) + 6 + -3.
-4
What is the value of 1 + (4 - (-4 + 5)) + -9?
-5
6 + (-15 - (0 + -5)) - -6
2
(-6 - -3) + 9 + -2
4
What is the value of 0 + (-9 - 0 - (-10 - -5))?
-4
Calculate -1 - (2 - 3 - 4).
4
What is 4 - ((4 - 3) + 0 + 1)?
2
Calculate 5 - (1 + 10 + -10).
4
What is the value of 0 + -4 + (-9 - -8)?
-5
What is the value of -4 + (13 - ((16 - 7) + -6))?
6
What is the value of (28 - 27) + (-1 - 1)?
-1
Evaluate 5 - ((0 - 0) + 5 + -3).
3
What is 2 + (9 + -5 - 4)?
2
What is -7 + 3 + (5 - 2)?
-1
What is the value of 9 + 2 + -8 + -3?
0
Calculate 3 + -1 + -6 + 9.
5
What is (1 - 1) + (22 - 18)?
4
What is 0 + -2 + (5 - 24 - -13)?
-8
Calculate -4 + 2 + 3 + -2.
-1
Evaluate (-4 - 1) + -5 + 1 + 10.
1
Calculate (4 - (2 - 1)) + (55 - 55).
3
2 + -5 + 2 + 4
3
Calculate (-6 - -2) + 13 + -13.
-4
What is -2 - (0 + 4 + -4) - -6?
4
Calculate (-6 - 5) + (-13 - -30).
6
-2 + 4 + -4 - -6
4
What is -1 - 1 - (22 + -24) - 1?
-1
6 - (-3 + 0 - -1)
8
-4 + (-3 - -2) - -1
-4
Evaluate (1 - 3) + (1 - -6).
5
Evaluate (-3 - -1) + -5 + 13.
6
(-1 - (7 + -4)) + -2 + 2
-4
Evaluate -7 + (17 - 7 - -3).
6
Evaluate -2 + (-9 - -1 - -4 - -3).
-3
Calculate -1 + 7 + (-4 - 3).
-1
Calculate 15 + (-5 - 9) + (2 - -2).
5
Evaluate (-6 - 4) + (4 + -8 - -10).
-4
Calculate -1 - (2 + 2) - (34 - 45